e (10 - -1) + (25 - 58) + -20.
-42
Evaluate (100 - (14 - -6)) + (-12 - -8) + 0.
76
Evaluate (2 - (2 + -5 + 0)) + 1 + 10.
16
What is -17 - (-13 - 12 - -16) - -7?
-1
What is the value of 16 - ((18 - -20) + -16) - (0 + 3 - 9)?
0
Evaluate 1 + -24 + (3 - -46 - 0).
26
Evaluate (1 - -4) + 27 + -11 + 23 + -37.
7
-37 + -39 + 2 - -42
-32
-2451 + 2477 - (43 - -1)
-18
0 + 17 + (5 + -15 - 2) - 44
-39
Calculate (63 - -2) + (-1528 - -1471).
8
Evaluate 4 + (-11 + (-18 - -5) - -24).
4
Evaluate -106 + 27 + 36 - -44.
1
What is the value of 50 + (-21 - 17) + 14 + 100?
126
48 + -71 + 52 + -161
-132
Evaluate 30 + -2 + (-455 - -451).
24
What is the value of 55 + (-3 - -7 - 5) + -14?
40
What is 1527 + -1564 + -2 + 56?
17
Calculate 3 + 5 - ((-19 - (-12 - 8)) + -78 - -10).
75
Evaluate (1993 - 1985 - (6 + (-1 - 1 - -1))) + 71.
74
639 - 668 - (1 - 0 - (10 - -3))
-17
What is 9 + 37 + -7 - (27 + -34)?
46
What is the value of -10 + 11 + -12 - (-16 + 42)?
-37
What is 0 + (9 - 27) + 11 - (28 + 4 + -4)?
-35
Calculate 69 - (32 - 18 - -40).
15
(-7 - (-5 + 10)) + (-15 - 22) - 7
-56
Calculate 51 + -121 + 88 + (1 - 41).
-22
What is the value of 2 + -15 - 0 - (84 - 6 - (12 - 29))?
-108
20 + 4 + (-17 - -56 - 53)
10
Calculate 21 + (41 - 23) + -20.
19
What is -97 + 124 + 28 - 75?
-20
Calculate -3 + 50 - (-996 - -1006).
37
Calculate 33 + -44 + -25 + 12.
-24
What is (-19 + 26 - 55) + 14?
-34
Evaluate (3 - 3) + 94 + (-93 - 11).
-10
-8 - (25 + 0 + -22 + 3)
-14
What is 78 + (13 - -23 - 13) - (20 - 2)?
83
Evaluate -76 + (-91 + 34 - -107).
-26
What is the value of (-1 + 0 - 15 - (-16235 - -16154)) + -17?
48
159 - (-2 + 42 - 9 - (-16 + 30))
142
Calculate 18 - (-29 + 21 + 37) - (2 - 12).
-1
What is 3149 + -3188 + (0 - 0)?
-39
What is 1 + -1 + 0 + 2 + 27 + 726 + -728?
27
Evaluate 12 + (33 - (90 - 13)).
-32
What is 1 - (-8 - -117) - (-7 - 0) - (20 + -31)?
-90
What is the value of (-23 - -2) + -27 + -13 + -8 + 44 + -8?
-33
Evaluate 11 + (19 + (30 - 0) - (1 - -14)).
45
What is the value of 46 - (-2 + 58 + 18)?
-28
What is the value of (61 - 28) + -21 + (11 - 0) - 2?
21
Evaluate 34 - (45 - (0 - 3)).
-14
What is the value of 1 - (-16 - -8 - -41)?
-32
What is the value of (68 - 41 - 99) + 63?
-9
Evaluate -8 - 1 - 1 - (9 - -30 - (447 - 472)).
-74
Calculate (-10 - 28) + 9 + (-7 - -5) + (1 - -7).
-23
What is (3 + 6 + -1 - (18 - 23 - -8)) + -138?
-133
Evaluate -27 + (-1 + 3 - 3) + 2279 + -2267.
-16
What is -63 + 4 + (11 - -7) + -9?
-50
What is the value of -75 - (2 + -2) - (3457 + -3498)?
-34
Evaluate -4 + 16 + -2 + 41 + 48 - (1 + -17).
115
Calculate -105 - ((-21 - 173) + 98).
-9
-39 + (2 - -7) - -10
-20
What is -15 + (-2 - 0) + (-77 - (-133 + -17))?
56
Evaluate -133 + 215 - (-15 - -27).
70
Evaluate (7 - 6) + 14 + 15 + -8.
22
Evaluate -40 + 1 + 19 - -39 - 29.
-10
What is -24 - -37 - (8 - 5 - 6 - (2 - 1))?
17
Calculate (16 - -10 - 26) + (-3 - (4 - 1 - 61)).
55
Calculate -51 - (1 - (4 - 5) - (5 - (12 - 14))).
-46
Calculate -61 + (-95 - -140) + 2 + -60.
-74
What is the value of -4 - 69 - (33 - 104)?
-2
Calculate (850 - 807) + -68 + -2.
-27
What is 90 - 57 - 18 - -37?
52
Evaluate 48 + (216 - 230) + (-2 - -9) + -1.
40
Calculate 142 - (54 - 44) - 60.
72
What is the value of 26 + (14 - 13 - (-5 + (2 - (-7 - 3))))?
20
Calculate 6 + 4 + 38 + (14 - 31) + -94.
-63
Evaluate 50 + (6 - (33 + 37)) + -42.
-56
-6 + 39 - (-31 + 62) - (-3 - 64)
69
Calculate -15 - (8 + (-110 + 110 - (2 - -13) - 49)).
41
Evaluate (4280 - 4347) + -3 + 0.
-70
Evaluate (-40 - -46) + -25 + -18.
-37
(-232 - -186) + 1 + -18 + -2 + 5
-60
Calculate -86 + (19 - 45 - -183).
71
25 + (-39 + 30 - -50)
66
Calculate 5 + 1 + 1829 + -1812.
23
Evaluate (1 - 38 - 7) + -140 + 136.
-48
Calculate 116 - 107 - (3 + -12 - -5 - (-6 - 117)).
-110
What is the value of (3 - 4) + -8 - ((10 - (2 - 2)) + 54)?
-73
Calculate 37 + (-118 - ((0 - -32) + -73)).
-40
Calculate 15 + (-16 - (16 - (-16 - -34))) - -72.
73
What is -22 - (-18 + (28 - (20 - -2)))?
-10
Calculate 3 + -1 + 1 + -77 + (-9 - -54 - 29).
-58
(-41 - 3) + (4 - ((-34 - -11) + 43))
-60
Calculate -130 + -6 + -33 + 124.
-45
What is (-23 - -10) + 2 - (-49 - 65)?
103
What is the value of (-2 - 11) + -3 - (979 - 984)?
-11
Calculate -24 + -41 + 71 - (-4 + 44 + -5).
-29
What is the value of 8 - (1 + -4 - (5 + -68)) - -14?
-38
16 + -1 + 0 + (345 - -6) + -330
36
What is -5 - (-7 + (-37 - -26))?
13
0 + -4 + (-8 - -8) + (11 - -2)
9
What is -148 + (81 - 66 - -91)?
-42
85 - (-141 - (-149 + 27))
104
Evaluate (11 + 2 + -21 - -8) + 11 + (-2 - -15).
24
What is the value of -18 + 4 + 393 + -439?
-60
Evaluate 12 + 8 + -2 + -185 + 128.
-39
(-85 - -90) + (51 - -26)
82
What is (2 - (1 - 27)) + (-17 - (-20 - -10))?
21
What is the value of -1249 + 1265 + 7 + 0 + -3?
20
What is the value of -58 + 42 + (45 - 14)?
15
What is the value of (-921 - -931) + 2 + 7?
19
What is -34 - (-1 + (1 - -13) + -3)?
-44
What is the value of 85 + (-71 - -58) + -61?
11
What is -15 + 6 + 19 + 44 + -4?
50
What is the value of -18 - (-13 + (127 - 70))?
-62
What is the value of 199 - (258 - 75) - (8 - -2 - (0 - 0))?
6
Evaluate -91 - (1 + (3 + -1 - (25 - (28 - 16)))).
-81
Evaluate 24 + (-56 - -10) + (21 - -5).
4
Evaluate -44 + 22 + (28 - 31).
-25
13 - (17 + -11 + (2 - -2) + -19)
22
What is the value of -34 + 34 + (-7 + 5 + -9 - 106)?
-117
What is the value of 330 + -348 + 3 + -3 + 0?
-18
What is the value of -47 - (-11 + 3 + -46)?
7
Calculate -51 + (0 - (16 + -11 - -9) - -7).
-58
Evaluate 308 - 294 - ((7 - 20) + -60).
87
(-19 - -9) + 6 + (-6 - (-27 + 0 + 7))
10
What is -13 + (14 - (11 + 3 - (-3 - -22)))?
6
(0 - -3 - (141 - 133)) + (72 - 38)
29
16 - ((54 - 19) + -18) - (4 - -91)
-96
Calculate 58 - (5 - (16 - (12 + -2 - 0))).
59
Evaluate (604 - 607) + (-9 - -2 - 1) + -4.
-15
Evaluate -49 + 18 + (85 - 32) - 56.
-34
Evaluate 12 + (-9 - (-7 + 12)) + (3 - 3).
-2
What is 4 + 8 + -12 - (288 - 286)?
-2
Calculate 1 - (4 + -7) - (-2 - -9 - 12 - -14).
-5
-8 - ((5 - 0 - (-323 - -308)) + 3)
-31
What is the value of -8 + -2 + 9 + 11 + (-22 - -17) - 72?
-67
5 - 29 - -13 - (-6 - (31 - -3 - -8))
37
What is the value of (-4 - (10 + -27)) + -63 + -6 + (5 - 2)?
-53
Evaluate -29 + -2 - (69 - (-91 - -187)).
-4
Evaluate -50 - (0 - -52) - (2 - 15).
-89
Evaluate (-28 - (-10 - 14) - -6) + -24.
-22
-95 + 19 + -25 + 12 + (0 - 14) + 13
-90
What is -1291 + 1326 - (65 + 0)?
-30
What is the value of 20 - (6 - (-10 - (-13 - -12))) - 13?
-8
47 + (-79 - 21 - 28)
-81
Evaluate (3 - -3 - (61 + -39)) + -3 + -2.
-21
What is the value of 49 - (49 - (-43 + -8))?
-51
Evaluate -25 + (-4 - (13 - 28)) + 21 - -3.
10
What is (-237 - -97 - -40) + 184?
84
Evaluate -8 + 0 + 19 + -22 - -57.
46
What is the value of 55 + (12 - (-14 + 108))?
-27
(6 - 0) + (5 - 1 - (80 + -66))
-4
What is (8 + -2 - (-3 + 1)) + 19?
27
What is the value of -2 + -2 + 7 - ((78 - 197 - -58) + 154)?
-90
What is the value of -51 + 33 + (-144 - -139)?
-23
What is 42 + -139 + 140 + -23 + -2?
18
Calculate -3 + -58 - (-6 + (6 - 5 - (6 + -16))).
-66
Calculate -64 - (-107 - (-192 + 86)).
-63
-36 + 49 - ((-9 - -21) + -2)
3
(8 - (-61 + 21)) + (-2 - 4)
42
What is 69 - (-18 - -4 - -9)?
74
Evaluate (1 - 12) + (-127 - -191) - (9 + 4).
40
What is (123 + -122 - -98) + (0 + -15 - 1)?
83
Calculate 454 - 563 - (2 - 11).
-100
8 + (14 - -79) + -139
-38
Calculate (89 - 115) + 29 + 1 - (-14 + -2 + 0).
20
65 + -41 + -42 - -7
-11
What is the value of 4 - 2 - ((-14 - 0) + (162 - 151))?
5
Evaluate 3 + (-2 - 19 - -14) + -2 + 33.
27
What is 4 - (0 - 10) - (-18 - -35)?
-3
(30 - (31 + -30 + 63)) + 147
113
Evaluate (6 + -12 + 0 - (7 + -28)) + -3 + -131.
-119
What is (-5 - -7) + (-48 - (2 + -20))?
-28
Evaluate -368 + 369 - (6 + -3 - 49) - -21.
68
Calculate -3 + 83 + 0 + (-7781 - -7769).
68
What is the value of (-5594 - -5550) + (1 + 110 - 1)?
66
Evaluate 94 + 7 + ((-6 - -12) + 6 - 5).
108
Calculate (16 + -3 - 3) + -42 + 38.
6
Calculate 13 - (-4 + 7) - (-10 - (-13 + (3 - -10))).
20
(-18 - -17 - -14) + -24
-11
Calculate 74 - (6 + 39 + -5).
34
What is -142 + 147 + 50 - 97?
-42
What is -16 - (17 + (-31 - (5 - 26)))?
-23
What is the value of -104 - (-39 - 51) - (-3 - (-4 + -23))?
-38
Evaluate 67 + (-45 - -40 - -9).
71
Calculate (-15 - (-59 + 61 - (2 - -32))) + -110.
-93
Calculate 33 + -45 + 2 - -58.
48
Evaluate 42 - (4 - (-56 - 92)).
-110
What is the value of 24 + -12 + 23 - (-